 divided by 4791?
494
Calculate the remainder when 163410 is divided by 424.
170
What is the remainder when 2075491 is divided by 125?
116
Calculate the remainder when 383718692 is divided by 39.
32
Calculate the remainder when 2026256 is divided by 13.
11
What is the remainder when 59800 is divided by 249?
40
Calculate the remainder when 120945 is divided by 1913.
426
Calculate the remainder when 776035 is divided by 387978.
79
What is the remainder when 550592 is divided by 230?
202
Calculate the remainder when 415789 is divided by 983.
963
What is the remainder when 545288 is divided by 273?
107
What is the remainder when 791996 is divided by 23?
14
Calculate the remainder when 2713111 is divided by 904295.
226
Calculate the remainder when 4722769 is divided by 3340.
9
What is the remainder when 7083033 is divided by 675?
258
Calculate the remainder when 20005 is divided by 23.
18
What is the remainder when 1280811 is divided by 157?
5
Calculate the remainder when 44795 is divided by 3092.
1507
Calculate the remainder when 14777 is divided by 773.
90
What is the remainder when 295904 is divided by 295893?
11
Calculate the remainder when 41110018 is divided by 28.
26
What is the remainder when 5531775 is divided by 29?
25
Calculate the remainder when 161015738 is divided by 120792.
2
What is the remainder when 446022 is divided by 1057?
1025
What is the remainder when 220825895 is divided by 747?
743
Calculate the remainder when 38987 is divided by 345.
2
What is the remainder when 90854445 is divided by 3364979?
12
Calculate the remainder when 99309 is divided by 253.
133
What is the remainder when 2236812 is divided by 5214?
6
Calculate the remainder when 1344430 is divided by 12222.
10
Calculate the remainder when 15511 is divided by 14261.
1250
Calculate the remainder when 1359356 is divided by 80.
76
What is the remainder when 2871105 is divided by 46308?
9
What is the remainder when 7216621 is divided by 5?
1
Calculate the remainder when 446666 is divided by 1994.
10
Calculate the remainder when 1050150 is divided by 17794.
304
What is the remainder when 2052658 is divided by 108008?
506
Calculate the remainder when 208503015 is divided by 55.
50
Calculate the remainder when 234351260 is divided by 37.
31
Calculate the remainder when 75388357 is divided by 11699.
1
Calculate the remainder when 161326 is divided by 6596.
3022
Calculate the remainder when 177989 is divided by 11122.
37
What is the remainder when 85697 is divided by 1929?
821
Calculate the remainder when 44627 is divided by 258.
251
What is the remainder when 80482 is divided by 1967?
1802
What is the remainder when 8370030 is divided by 112?
46
What is the remainder when 40869 is divided by 1047?
36
What is the remainder when 2728722 is divided by 9505?
787
Calculate the remainder when 204829941 is divided by 102414965.
11
Calculate the remainder when 1864110 is divided by 11469.
6132
What is the remainder when 1476896 is divided by 1667?
1601
Calculate the remainder when 72620937 is divided by 72620866.
71
Calculate the remainder when 322050 is divided by 64403.
35
Calculate the remainder when 5427335 is divided by 2152.
2143
Calculate the remainder when 1601875 is divided by 24644.
15
Calculate the remainder when 5854789 is divided by 1516.
1513
What is the remainder when 6699872 is divided by 4627?
4603
What is the remainder when 1268380 is divided by 105695?
40
What is the remainder when 5562479 is divided by 42?
41
What is the remainder when 91854 is divided by 2858?
398
What is the remainder when 31652649 is divided by 97?
94
Calculate the remainder when 164919 is divided by 20601.
111
What is the remainder when 1183662 is divided by 4887?
1008
Calculate the remainder when 1141974 is divided by 57096.
54
What is the remainder when 440246 is divided by 439628?
618
Calculate the remainder when 262703071 is divided by 64769.
7
What is the remainder when 32063945 is divided by 509?
508
Calculate the remainder when 395612 is divided by 336.
140
Calculate the remainder when 272391 is divided by 556.
507
What is the remainder when 4602152 is divided by 154?
16
What is the remainder when 206005 is divided by 41194?
35
Calculate the remainder when 401607 is divided by 200314.
979
What is the remainder when 18353305 is divided by 275?
80
What is the remainder when 7189 is divided by 30?
19
Calculate the remainder when 5463830 is divided by 1519.
1506
Calculate the remainder when 2845846818 is divided by 3869.
3868
Calculate the remainder when 2258337 is divided by 7356.
45
What is the remainder when 72479285 is divided by 32?
21
What is the remainder when 8033626 is divided by 9906?
9766
What is the remainder when 237995693 is divided by 33999384?
5
What is the remainder when 707219 is divided by 88376?
211
What is the remainder when 2587720 is divided by 465?
460
What is the remainder when 14291959 is divided by 39?
19
Calculate the remainder when 1470838 is divided by 140.
138
What is the remainder when 254991 is divided by 78?
9
What is the remainder when 4839269 is divided by 478?
475
Calculate the remainder when 231044543 is divided by 192.
191
What is the remainder when 262496 is divided by 78?
26
Calculate the remainder when 27149276 is divided by 37499.
0
Calculate the remainder when 632978 is divided by 105485.
68
What is the remainder when 398777 is divided by 22154?
5
Calculate the remainder when 123199 is divided by 10264.
31
Calculate the remainder when 17599258 is divided by 5.
3
What is the remainder when 130242 is divided by 160?
2
What is the remainder when 38758297 is divided by 850?
847
Calculate the remainder when 24373393 is divided by 1624892.
13
Calculate the remainder when 3152033 is divided by 14593.
14538
Calculate the remainder when 1174982 is divided by 193.
191
What is the remainder when 2283233 is divided by 253692?
5
Calculate the remainder when 38680894 is divided by 32.
30
What is the remainder when 3287247 is divided by 44418?
315
Calculate the remainder when 678066 is divided by 678057.
9
Calculate the remainder when 41942 is divided by 4119.
752
What is the remainder when 2108125 is divided by 2108108?
17
What is the remainder when 2990083 is divided by 426?
415
Calculate the remainder when 288765999 is divided by 500.
499
Calculate the remainder when 20655963 is divided by 350101.
4
Calculate the remainder when 77329 is divided by 25255.
1564
Calculate the remainder when 670662 is divided by 5781.
66
Calculate the remainder when 79206 is divided by 14793.
5241
Calculate the remainder when 10646 is divided by 125.
21
Calculate the remainder when 13761885 is divided by 867.
861
What is the remainder when 362569 is divided by 348?
301
Calculate the remainder when 33493837 is divided by 464.
461
Calculate the remainder when 361095 is divided by 120300.
195
Calculate the remainder when 97091435 is divided by 75.
35
Calculate the remainder when 40563423 is divided by 245.
243
What is the remainder when 20768875 is divided by 20?
15
What is the remainder when 4621079 is divided by 120?
119
Calculate the remainder when 1656003 is divided by 183894.
957
What is the remainder when 265074354 is divided by 2639?
2638
What is the remainder when 309511 is divided by 77?
48
Calculate the remainder when 152286 is divided by 3757.
2006
Calculate the remainder when 2345094 is divided by 165.
114
What is the remainder when 17790957 is divided by 220?
217
What is the remainder when 7146957 is divided by 1940?
1937
What is the remainder when 1379415 is divided by 2303?
2221
What is the remainder when 596689 is divided by 198831?
196
What is the remainder when 1225426 is divided by 6733?
20
Calculate the remainder when 85570140 is divided by 264923.
11
Calculate the remainder when 6547374 is divided by 363743.
0
What is the remainder when 17049 is divided by 1211?
95
What is the remainder when 471917 is divided by 2336?
45
Calculate the remainder when 818364 is divided by 205.
4
Calculate the remainder when 16317763 is divided by 16317763.
0
Calculate the remainder when 487081 is divided by 120933.
3349
Calculate the remainder when 263030459 is divided by 4620.
4619
Calculate the remainder when 666479 is divided by 14163.
818
What is the remainder when 12